t and 22?
22
Let h = -425 - -423. Let v be h/18 - 6347/(-99). What is the greatest common factor of 352 and v?
32
Let q(p) = 2*p**2 - 197*p - 71. Let u be q(99). Calculate the highest common divisor of 14742 and u.
14
Suppose 2*w + 2*a - 270 = 0, -w = -a - 472 + 349. Calculate the greatest common divisor of 57 and w.
3
Let f be ((-21)/252*51)/(2/(-96)). What is the highest common divisor of 84 and f?
12
Let r(m) = m**3 - 2*m**2 - 6*m - 8. Let h be r(4). Let y be 3/2*(h - -2) + -11. Let b be ((-2)/10 + -1)/(y/140). What is the highest common factor of b and 231?
21
Let q(v) = v**3 - 6*v**2. Let c be q(6). Suppose g + 5*r + 1 - 7 = 0, g + 3*r - 14 = c. Let f = 63 - 24. Calculate the highest common factor of g and f.
13
Suppose -122 = -15*m - 3692. Let s be (-908)/(-14) + (-34)/m. Suppose -2*o + 124 = 46. What is the greatest common divisor of o and s?
13
Let g be (-2 - 1)*(-1645)/21. Suppose g + 97 = 4*i. Suppose 137 = 5*s + 3*l - 6*l, 3*s - l = i. What is the greatest common factor of s and 224?
28
Let v = -9139 + 9382. What is the highest common divisor of 66 and v?
3
Let y be ((-18)/8)/((-69)/3128). Suppose -5*d + 3*x + 606 = 0, -18 = -d + x + y. Calculate the highest common factor of d and 41.
41
Suppose -2*w - 10 = -3*m - 9, -5*w = m - 40. Let u be ((-12)/8)/((-9)/6). Suppose p + u - 57 = 0. What is the greatest common divisor of p and w?
7
Let o be 7/3 - (-16)/24. Suppose d - o + 0 = 0. Let y be (40/d)/((48/(-18))/(-4)). Calculate the greatest common factor of y and 5.
5
Suppose 9 = -4*i + 3*k, 3*i - 4*k = -0*k - 12. Let y be 3205/20 + i - (-3)/4. Suppose -y + 21 = -5*m. What is the highest common divisor of 224 and m?
28
Suppose -7*z + 113 - 57 = 0. Let d be (-2)/4 - ((-212)/(-8) + 3). Let t = d + 54. Calculate the highest common divisor of z and t.
8
Suppose 5454 = 10*x + 3614. Calculate the greatest common divisor of 276 and x.
92
Let t(x) = -37*x**3 - x**2 + 21*x + 45. Let k be t(-2). Calculate the highest common divisor of k and 708.
59
Suppose 0 = -r - 4*n + 114, -21*r + 25*r = n + 405. What is the highest common factor of r and 119?
17
Let h(g) = -g + 12. Let j be h(6). Let r = -35819 + 35876. Calculate the greatest common factor of j and r.
3
Suppose 0 = -2*n - 5*q + 114, 4*n + q - 2264 = -2090. Calculate the greatest common factor of n and 448.
14
Suppose 0 = 246*p - 11313 - 1479. Let j be 2/(((-1)/1)/(-4)). Let r be j/10*130/4. What is the highest common divisor of r and p?
26
Let n(z) be the third derivative of -z**4/24 + 4*z**3/3 - 11*z**2 + 3*z. Let u be n(-9). What is the highest common factor of 731 and u?
17
Let w(l) = -l**2 - 38*l - 341. Let i be w(-23). What is the highest common factor of i and 190?
2
Suppose 17*l - s - 753 = 0, -43*l + 2*s = -39*l - 186. Calculate the greatest common divisor of 528 and l.
44
Suppose -4*w - w - 1618 = -4*b, -3*w = 3*b - 1227. Calculate the greatest common divisor of b and 44.
11
Let r(y) be the third derivative of -5*y**4/6 - 38*y**3/3 - 45*y**2. Let j be r(-11). What is the greatest common divisor of 18 and j?
18
Suppose -29 = 3*c - 470. Let j(p) = -p**3 - 71*p**2 - 137*p + 76. Let v be j(-69). What is the greatest common divisor of v and c?
7
Let i be 2/((-16)/(-6))*-4*(64 + -67). What is the highest common divisor of 22 and i?
1
Suppose 7*p + 12 = 5. Let w be p/(-1) + 4 - (-15 + 1). Let j = 183 + -31. What is the greatest common divisor of w and j?
19
Let w(a) = a**2 - 27*a - 263. Let c be w(60). What is the highest common factor of c and 17?
17
Suppose 8*t - 7469 = -8*t + 25427. What is the greatest common divisor of 24 and t?
8
Suppose 0 = -5*s - 2*b + 364, -57 = -3*s - 5*b + 150. Let h = 113 - s. What is the greatest common factor of 3 and h?
3
Suppose 3*o - o = -3*o. Let u be (98 - 4) + o + 5. What is the highest common factor of u and 9?
9
Let t(a) = 8*a + 2 + 27 - 4. Let x(d) = -12*d - 37. Let i(m) = -8*t(m) - 5*x(m). Let w be i(-8). Calculate the highest common factor of w and 51.
17
Let f(l) = -10*l + 212. Let a(q) = 2*q - 42. Let w(s) = 14*a(s) + 3*f(s). Let x be w(14). What is the highest common divisor of 220 and x?
20
Let l(k) = 10*k**2 - 16*k + 28. Let t be l(10). Suppose -11*i + 1442 = -t. Calculate the highest common divisor of i and 84.
42
Suppose -10752 - 4036 = -103*l + 14258. What is the greatest common divisor of 752 and l?
94
Suppose -35*u + 35*u + 137*u = 111244. What is the highest common factor of 2900 and u?
116
Suppose -2*p + 4*x + 226 = 0, -p + 154 - 37 = -x. Let j(c) = 11*c**2 - 6*c + 6. Let r be j(1). Calculate the greatest common divisor of r and p.
11
Suppose -2*c + 1159 = 997. Let w = -22 - -38. Let z = -7 + w. Calculate the highest common factor of c and z.
9
Suppose 0 = -3*a + 2*r + 64, -a + 4*a + 5*r - 29 = 0. Let t(o) = 2*o**2 - 16*o - 270. Let b be t(-9). Calculate the highest common divisor of b and a.
18
Let y = 108 - 99. Let o = -11 + y. Let z be (-20)/(-3) - o/(-3). What is the greatest common factor of 15 and z?
3
Let u = -133374 + 133385. Let z be (12 - 1)/(1/13). Calculate the greatest common divisor of z and u.
11
Suppose i = o + 23, -5*i + 13 = -2*o - 18. Let u = 1788 + o. Suppose -10*b = -2*b - u. What is the greatest common factor of 11 and b?
11
Suppose 4*q - 488 = -5*s, 26*s - 296 = 23*s - 4*q. Suppose 960 = 9*j - 3*j. Calculate the greatest common factor of j and s.
32
Let t(j) = 1. Let b(k) = 10*k - 18. Let u(q) = -b(q) - 2*t(q). Let s be u(-11). Let a be 1/((-3)/9) + 21. Calculate the highest common divisor of a and s.
18
Let p(n) = -3*n + 17. Let q be p(6). Let w = q - -19. What is the highest common divisor of 99 and w?
9
Suppose 114411 = 7*n + 5*t, 106*n = 111*n - t - 81681. Calculate the greatest common factor of 7 and n.
7
Suppose q - 564*o + 561*o = 48, 2*q - 2*o - 88 = 0. What is the highest common divisor of q and 402?
6
Let m = 951 - 831. Calculate the highest common divisor of 90 and m.
30
Let n = 10147 + 4143. What is the greatest common factor of n and 10?
10
Suppose -w - c + 2*c = -41, 4*w = 3*c + 162. Suppose 3*j + 3*n + 96 = 0, 4*j + 4*n = 6*j + 70. Let k = j + w. Calculate the greatest common divisor of 24 and k.
6
Let b be (40/40)/((-1)/(-19)). What is the highest common divisor of b and 2?
1
Let h(i) = 9*i - 10. Let n be h(2). Let l be 3 + -1 + 3 + 1. Let x be ((-194)/n + l/24)/(-1). Calculate the highest common divisor of x and 3.
3
Let b(v) = -7*v - 112. Let z be b(-16). Suppose 2*u - 4 = z, -7*i + u + 938 = -6*i. What is the greatest common factor of i and 20?
20
Let m(q) = 4*q**2 - 53*q + 11. Let p be m(-21). Let n be 3/(-18) + p/48. What is the greatest common divisor of 80 and n?
20
Suppose -h + 2*w + 160 = 18, 16 = 4*w. What is the highest common factor of h and 2650?
50
Let f(g) = -5*g**3 - g**2 - g + 1. Let h be f(-1). Suppose 116 = h*a + 20. Calculate the greatest common divisor of a and 128.
16
Suppose -6*x + 116 = -256. What is the greatest common factor of 12 and x?
2
Let l be (-75)/(-1*2*(-4)/(-16)). Let g be 4/10*-10*8. Let o = 47 + g. What is the greatest common factor of o and l?
15
Suppose 0 = -11*z - 160 - 38. Let s be (32/z - -2) + 1250/45. Suppose -490 = 4*j - 9*j. Calculate the highest common divisor of j and s.
14
Let l = 1769 - -5751. Calculate the highest common factor of l and 96.
32
Let g = -14430 - -37260. What is the highest common factor of g and 30?
30
Suppose -11437 = -8*g + 5475 - 2976. Calculate the greatest common divisor of 26 and g.
26
Suppose -337*o - 4818 = -556*o. Calculate the highest common divisor of 187 and o.
11
Suppose 121*k - 178*k + 46569 = 0. Let r = -32 + 75. Calculate the greatest common factor of k and r.
43
Suppose -4*o + 171 = 9*o - 102. What is the highest common factor of 4641 and o?
21
Let o = 297 - 496. Let u = -135 - o. Suppose 0 = b - 5*b + u. What is the greatest common factor of b and 112?
16
Let j = -76 - -171. Suppose 0 = 5*m - 840 - j. Calculate the highest common divisor of 11 and m.
11
Suppose 2*p - 5*q = 27, 10*q = 4*p + 9*q - 9. Let y be 6 + (1 - p*-105). Calculate the highest common factor of y and 7.
7
Let m = -4 - -7. Let n(v) = -2*v**2 + v**2 + 8*v**2 - 2*v**2 - v**2 - 3 + 5*v. Let o be n(m). Calculate the highest common factor of o and 72.
24
Let x = -2 - 7. Let m be (3/(-2))/((-91)/(-14) + 2 - 8). Let w be ((-25)/(-15))/(m/x). What is t